f l and p.
8
Suppose -r + 5*r = 64. Suppose 0 = -3*q + 2*d + 2*d + 36, 3*q = -3*d + 15. What is the highest common factor of q and r?
8
Let z = -1323 + 1327. Suppose 2*l = -0*l + 16. Calculate the highest common divisor of z and l.
4
Let p = -136 + 248. Let r be (0 + 20)*(11 + 1 + 2). What is the highest common factor of r and p?
56
Let b(y) = 6*y - 2*y**2 + 2*y + 4 + y**2. Suppose -5*a = k - 21, -a = -k + 2 + 1. Let g be b(k). What is the greatest common factor of g and 4?
4
Let d(q) = q**3 + 17*q**2 + 34*q + 252. Let c be d(-13). Let b = -106 + 160. What is the greatest common factor of b and c?
54
Suppose 25*w = 8*w + 612. Calculate the highest common divisor of 18 and w.
18
Let p be 3/(-12) + -3 + 39/12. Suppose 35 = i - p*i - 5*y, 4*i + 4*y = 20. Calculate the highest common divisor of 10 and i.
10
Let b(f) = f - 13. Let k be b(17). Suppose 0*r + k*r - 240 = 0. What is the greatest common divisor of r and 40?
20
Let k be (2 - 1 - (-1 - -3))*-27. Let f(h) = h**2 - 42*h - 235. Let y be f(-7). What is the highest common divisor of y and k?
27
Let h(n) = -2*n**3 + 2*n**2 + n. Let i be h(-1). Let q = 38 + -24. Suppose -3*u = -j + 2 + q, j + i*u - 28 = 0. Calculate the highest common factor of j and 88.
22
Suppose -2*f = 2, 5*f + 8 - 43 = 5*p. Let z(c) = -c**2 - 8*c + 3. Let q be z(p). What is the highest common factor of 3 and q?
3
Let d(k) = 49*k - 110. Let x be d(8). What is the highest common factor of 24 and x?
6
Let l(p) = p**2 - 2*p + 4. Let h be l(4). Let t(n) = -2*n**3 - 2*n**2 - 2*n + 1. Let w be t(-1). Calculate the highest common divisor of w and h.
3
Suppose 20 = -3*u + 125. Suppose k - 196 = -6*k. What is the greatest common factor of u and k?
7
Let v(k) be the second derivative of k**3/2 - k**2 + 9*k. Let l be v(5). Suppose l = 3*f - 5. What is the highest common divisor of 1 and f?
1
Let h be 4*8/240 + (-296)/(-30). What is the greatest common factor of h and 2?
2
Let i = -1 + 8. Suppose 0*b + i = c - 2*b, 4*c = 2*b + 52. Let l = -7 + c. Calculate the highest common factor of 16 and l.
8
Suppose 0 = -3*f + 4*v - 11, 20 = -4*v + 8*v. Calculate the greatest common factor of f and 39.
3
Let i = 5 + -3. Let d be (-309)/(-4) + i/(-8). Suppose 2*z + 4*r = 42, -23 = -3*z + 8*r - 6*r. What is the greatest common divisor of d and z?
11
Suppose w + 5*c = 23, -5*w + 2*c + 24 = -10. Suppose 0 = 6*m - w*m + 16. Calculate the greatest common divisor of 36 and m.
4
Let v(p) = -3*p + 51. Let z(o) = 2*o - 34. Let u(h) = -5*v(h) - 8*z(h). Let q be u(8). Let r = -2 + q. Calculate the highest common divisor of r and 35.
7
Let m = -15 - -1. Let u = m - -18. Suppose 0 = -w - 0*p + 5*p - 14, u*w - 19 = -5*p. What is the highest common factor of 4 and w?
1
Let n be 12/18 - 74/3. Let d = -19 - n. Let r be d/(5/(-2)) + 9. What is the highest common divisor of 1 and r?
1
Let f(w) = -w**2 + 12*w + 23. Let i be f(13). What is the highest common divisor of 25 and i?
5
Let m(z) = 2*z**2 - 6*z - 4. Let h be (-7)/(42/4)*6. Let p be 10/(-40) + (-21)/h. Let l be m(p). Calculate the greatest common divisor of 40 and l.
8
Let l(m) = 2*m**3 - 2*m**2 + 25*m - 1. Let x be l(4). What is the highest common divisor of 5 and x?
5
Suppose -5*o = 2*p - 3*p - 151, 0 = -2*o + 3*p + 50. Let t = -442 + 721. What is the greatest common factor of o and t?
31
Let p(v) = -3*v - 36. Let j be 8/(-44) + (-348)/22. Let s be p(j). Calculate the highest common factor of 3 and s.
3
Let n(h) = -3*h + 10. Let a be n(-10). Suppose 0*j + a = 2*o + 2*j, -4*j = -2*o + 64. Calculate the highest common divisor of 3 and o.
3
Let l be 36*(20/(-3) + 2). Let o be ((-1)/(-2))/((-3)/l). Let n be -12 - -17 - (1 + -1 - -1). Calculate the highest common factor of n and o.
4
Suppose -3*c + 130 - 2341 = -4*o, 0 = -2*o + c + 1103. What is the highest common divisor of o and 36?
9
Suppose -421*b - 52 = -425*b. Calculate the greatest common factor of b and 39.
13
Let g(x) = 12*x + 52. Let i be g(12). What is the greatest common factor of 147 and i?
49
Let h = 13 - 5. Let k(m) be the first derivative of m**4/4 - 3*m**3 + 5*m**2 - 11*m - 3. Let u be k(h). What is the highest common divisor of u and 55?
5
Let m = -42 + 114. Suppose 19*t - m = 17*t. What is the highest common factor of t and 54?
18
Let y = -18 + 29. Suppose -3*d + 79 = -218. Calculate the highest common divisor of y and d.
11
Suppose -2*h = 3*n - 96, 2*n = -2*h - 3*h + 262. Let g = h - 38. Calculate the greatest common factor of 80 and g.
16
Let g be 7/((-14)/(-10)) - -115. What is the greatest common factor of 24 and g?
24
Suppose -v + 1232 = -15*h + 18*h, -4*h - 2*v + 1640 = 0. What is the highest common factor of 103 and h?
103
Let o(r) = 9*r**2 + 8*r + 8. Let h be o(-1). Suppose 2*p + 6 = 5*p, 0 = -3*u + 5*p + 8. Calculate the highest common factor of h and u.
3
Let g = 166 + -91. Let b = g - 43. What is the greatest common factor of b and 64?
32
Let g = -3 + 11. Let r = 295 - 283. Calculate the highest common factor of r and g.
4
Let o(j) = -j**3 - 9*j**2 - 22*j - 15. Suppose -3*q = -20 + 38. Let u be o(q). What is the greatest common factor of u and 36?
9
Let n be (-1708)/20 - 1/((-15)/6). Let y = -31 - n. What is the greatest common factor of 18 and y?
18
Let i = 5299 - 5296. Let m(y) = 2*y - 1. Let q be m(1). Calculate the greatest common factor of q and i.
1
Let w be (-18)/12 - (-23)/2. Suppose 0 = -4*z - 5*f + 61, 2*z = 2*f - 2 + w. Calculate the greatest common factor of 9 and z.
9
Suppose 5*r + 3*l - 579 = 0, -6 = 2*l - 2. What is the greatest common factor of r and 63?
9
Let y = 19 - 19. Suppose y = -3*a + 5*w + 127, -2*w - 3 = a - 38. What is the highest common factor of 26 and a?
13
Suppose 4*a - 3*a - 216 = 0. Suppose 0*s + 3*s - a = 0. Suppose -46*t + 1983 + 225 = 0. What is the highest common divisor of t and s?
24
Let f = -4 + 5. Let q be -16 - -48 - (1 + f). Calculate the highest common divisor of q and 30.
30
Suppose -4*l = 2*i - 3*i, 3*l = 0. Suppose -13 = 4*m - 5*r, i = m + 4*r + r - 28. Calculate the greatest common factor of m and 12.
3
Let o be ((-7)/(-1) + -2)*187/17. Let v = -19 + o. Calculate the greatest common divisor of v and 24.
12
Let l(s) = 20*s + 3*s + 2 - 55 - 7*s. Let x be l(8). Calculate the highest common divisor of x and 50.
25
Suppose 3*c - 5*d - 31 + 107 = 0, 0 = 4*d - 20. Let x = -14 - c. Suppose 0 = -j + 5*q + 1, 0 = x*j + q - 19. What is the greatest common factor of 12 and j?
6
Let h = 183 + -131. What is the highest common divisor of h and 52?
52
Suppose -45*n + 35*n + 200 = 0. Let w(i) = -19*i + 9. Let o be w(-9). Calculate the greatest common factor of n and o.
20
Let n(c) = -87*c + 1. Let m be n(-1). Let l be (0 + -1)/((-93)/(-682)*(-4)/6). What is the greatest common divisor of l and m?
11
Suppose 60 + 426 = 9*c. Calculate the greatest common divisor of c and 216.
54
Suppose -10*q - 463 + 503 = 0. What is the highest common divisor of q and 492?
4
Let q(l) = -l + 12. Let n be q(0). Suppose 0*i = -3*i + 90. Calculate the highest common factor of n and i.
6
Let b(j) = 183*j**2 - 1. Let n be b(1). What is the greatest common factor of 26 and n?
26
Let q = -19 - -21. Suppose 3*j - 8 = q*j. What is the highest common factor of 64 and j?
8
Let j(y) = 11*y + 78. Let o be j(14). What is the greatest common divisor of o and 8?
8
Let d be 81/9 - (-4)/2. Suppose 6 = j - 3*m + 2, 4*m + 7 = 3*j. What is the highest common factor of d and j?
1
Suppose 0 = -2*u + 18 - 2. What is the greatest common factor of 5 and u?
1
Let y = -3 - -1. Let x be ((-2)/5)/(y/550). Let h = -50 - -60. Calculate the highest common divisor of h and x.
10
Suppose -2*y - 19 = -3*u, 0 = 4*u - y - 31 + 4. Suppose 196 = 5*o - 84. Calculate the highest common divisor of u and o.
7
Let x(i) = 180*i + 4. Let a be x(3). Suppose -11*j + a = -94. Let o(l) = 146*l**2 + 2*l + 1. Let y be o(-1). What is the greatest common divisor of j and y?
29
Let r be 20*(4 + 36/15). What is the highest common factor of 32 and r?
32
Let v = -554 + 554. Let p(y) = 8 - y**3 + 3 + 0*y**3. Let o be p(v). What is the highest common divisor of o and 88?
11
Suppose 0 = -19*m + 6*m - 39. Let x be (26/(-6))/(2*m/54). Calculate the highest common divisor of x and 78.
39
Suppose -16*o + 14*o = 4, -4*v + 150 = -3*o. Calculate the highest common factor of 558 and v.
18